{"id":1433,"date":"2019-06-21T09:39:30","date_gmt":"2019-06-21T09:39:30","guid":{"rendered":"http:\/\/wp.roimallen.com\/?page_id=1433"},"modified":"2021-02-10T08:35:02","modified_gmt":"2021-02-10T08:35:02","slug":"gamificacion","status":"publish","type":"page","link":"https:\/\/wp.roimallen.com\/?page_id=1433","title":{"rendered":"Gamificaci\u00f3n"},"content":{"rendered":"<p>La <strong>Gamificaci\u00f3n<\/strong> es una metodolog\u00eda o estrategia que consiste en aplicar una serie de caracter\u00edsticas propias de los juegos (tradicionales, de mesa o videojuegos) a entornos en los que no se aplica el juego.<\/p>\n<p>El radio de acci\u00f3n de la gamificaci\u00f3n comprende desde <strong>entornos educativos, a empresariales, tambi\u00e9n empleada como herramienta de recursos humanos, marketing y publicidad, deporte<\/strong>&#8230; es decir a cualquier faceta o \u00e1mbito del ser humano.<\/p>\n<p>Mediante esta t\u00e9cnica podemos<strong> convertir tareas tediosas y mon\u00f3tonas en experiencias enriquecedoras y significativas<\/strong>, que nos sirvan para aumentar el inter\u00e9s de los\/as participantes, que, al estar m\u00e1s dispuestos\/as a realizar esta tarea, va a resultar m\u00e1s productiva para todos\/as.<\/p>\n<p>En estos momentos estoy impartiendo cursos sobre Gamificaci\u00f3n y nuevas metodolog\u00edas did\u00e1cticas, as\u00ed como creando proyectos con experiencias de gamificaci\u00f3n para diferentes entornos, a continuaci\u00f3n puedes ver varios ejemplos creados por mi.<\/p>\n<p><a href=\"https:\/\/blog.vicensvives.com\/gamificacion-online-un-poderoso-aliado\/\" target=\"_blank\" rel=\"noopener noreferrer\">Enlace a un art\u00edculo sobre gamificaci\u00f3n publicado en el blog de Vicens Vives.<\/a><\/p>\n<p><span style=\"color: #ff6600;\"><strong><span style=\"color: #000000;\">Ejemplos de gamificaci\u00f3n Roi Mall\u00e9n<\/span><br \/><\/strong><\/span><\/p>\n<p><span style=\"color: #ff6600;\"><strong>Ucr\u00f3nika \u00a9 : <span style=\"color: #999999;\">Gamificaci\u00f3n empleada en el \u00e1mbito educativo.<\/span><\/strong><\/span><\/p>\n<p>Mediante la creaci\u00f3n de historias alternativas se conocen sucesos importantes de la Historia de la Humanidad.Gracias a este juego adem\u00e1s se potencian las habilidades sociales y comunicativas de los participantes.<br \/>El juego de mesa Ucr\u00f3nika ha sido empelado por el departamento de altas capacidades de la comunidad de Madrid.<\/p>\n<p><span style=\"color: #ff6600;\"><strong><a style=\"color: #ff6600;\" href=\"http:\/\/wp.roimallen.com\/?p=221\">link de Ucr\u00f3nika en esta web.<\/a><\/strong><\/span><\/p>\n<div id=\"attachment_1465\" style=\"width: 430px\" class=\"wp-caption alignleft\"><img aria-describedby=\"caption-attachment-1465\" loading=\"lazy\" class=\"wp-image-1465 size-large\" src=\"http:\/\/wp.roimallen.com\/wp-content\/uploads\/2018\/12\/IMG_7436-1024x729.jpg\" alt=\"\" width=\"420\" height=\"299\" srcset=\"https:\/\/wp.roimallen.com\/wp-content\/uploads\/2018\/12\/IMG_7436-1024x729.jpg 1024w, https:\/\/wp.roimallen.com\/wp-content\/uploads\/2018\/12\/IMG_7436-300x214.jpg 300w, https:\/\/wp.roimallen.com\/wp-content\/uploads\/2018\/12\/IMG_7436-768x547.jpg 768w, https:\/\/wp.roimallen.com\/wp-content\/uploads\/2018\/12\/IMG_7436-260x186.jpg 260w\" sizes=\"(max-width: 420px) 100vw, 420px\" \/><p id=\"caption-attachment-1465\" class=\"wp-caption-text\">Componentes de juego de mesa Ucr\u00f3nika \u00a9<\/p><\/div>\n<p>\u00a0<\/p>\n<p>\u00a0<\/p>\n<p>\u00a0<\/p>\n<p>\u00a0<\/p>\n<p>\u00a0<\/p>\n<p>\u00a0<\/p>\n<p>\u00a0<\/p>\n<p>\u00a0<\/p>\n<p>\u00a0<\/p>\n<p>\u00a0<\/p>\n<p><strong><span style=\"color: #ff6600;\">La R\u00eda del Tesoro \u00a9<\/span> : <span style=\"color: #999999;\">Gamificaci\u00f3n en el \u00e1mbito publicitario.<\/span><\/strong><\/p>\n<p>Con la idea de<strong> promocionar el sector tur\u00edstico de la ciudad de Vigo<\/strong> y del acontecimiento del 150 aniversario de la publicaci\u00f3n de la Novela de Julio Verne 20.000 leguas de Viaje submarino se realiza el juego de mesa La R\u00eda del Tesoro\u00a9.<\/p>\n<p>En la novela se dedica un cap\u00edtulo entero a la r\u00eda de Vigo, y a como el Capit\u00e1n Nemo viaja con su submarino Nautilus a sus profundidades para abastecerse de los tesoros de los barcos hundidos en la batalla de Rande.<\/p>\n<p>El juego adem\u00e1s de dar a conocer la vinculaci\u00f3n de la ciudad de Vigo con la figura de Julio Verne y sus creaciones literarias tambi\u00e9n permite averiguar a los jugadores las diferentes<strong> especies animales<\/strong> que habitan en el entorno de la r\u00eda, de su <strong>historia<\/strong> y <strong>parajes naturales<\/strong>, adem\u00e1s de promover un esp\u00edritu de<strong> respeto por la naturaleza<\/strong> y el <strong>reciclaje<\/strong>.<\/p>\n<p><a href=\"http:\/\/wp.roimallen.com\/?p=1518\"><span style=\"color: #ff6600;\"><strong>Link<\/strong> de La R\u00eda del tesoro\u00a9<\/span> <\/a><\/p>\n<div id=\"attachment_1479\" style=\"width: 430px\" class=\"wp-caption alignleft\"><img aria-describedby=\"caption-attachment-1479\" loading=\"lazy\" class=\"wp-image-1479 size-large\" src=\"http:\/\/wp.roimallen.com\/wp-content\/uploads\/2019\/06\/ria-del-tesoro-1024x576.jpg\" alt=\"\" width=\"420\" height=\"236\" srcset=\"https:\/\/wp.roimallen.com\/wp-content\/uploads\/2019\/06\/ria-del-tesoro-1024x576.jpg 1024w, https:\/\/wp.roimallen.com\/wp-content\/uploads\/2019\/06\/ria-del-tesoro-300x169.jpg 300w, https:\/\/wp.roimallen.com\/wp-content\/uploads\/2019\/06\/ria-del-tesoro-768x432.jpg 768w\" sizes=\"(max-width: 420px) 100vw, 420px\" \/><p id=\"caption-attachment-1479\" class=\"wp-caption-text\">Personajes y tablero de juego, La r\u00eda del tesoro<\/p><\/div>\n<p>\u00a0<\/p>\n<p>\u00a0<\/p>\n<p>\u00a0<\/p>\n<p>\u00a0<\/p>\n<p>\u00a0<\/p>\n<p>\u00a0<\/p>\n<p>\u00a0<\/p>\n<p>\u00a0<\/p>\n<p><strong><span style=\"color: #ff6600;\">Academia Espacial \u00a9<\/span> : Gamificaci\u00f3n en el \u00e1mbito educativo.<\/strong><\/p>\n<p>Se trata de una escape room dirigida al sector educativo. Los\/as cadetes de una academia espacial tienen que resolver una serie de acertijos para poder abrir las puerta e ir avanzando. A medida que los\/as cadetes avanzan en las pruebas obtienen una insignia que les acredita en cada logro conseguido.<\/p>\n<p><img loading=\"lazy\" class=\"alignleft size-large wp-image-1482\" src=\"http:\/\/wp.roimallen.com\/wp-content\/uploads\/2019\/06\/imagen-academia-01-1024x724.jpg\" alt=\"\" width=\"420\" height=\"297\" srcset=\"https:\/\/wp.roimallen.com\/wp-content\/uploads\/2019\/06\/imagen-academia-01-1024x724.jpg 1024w, https:\/\/wp.roimallen.com\/wp-content\/uploads\/2019\/06\/imagen-academia-01-300x212.jpg 300w, https:\/\/wp.roimallen.com\/wp-content\/uploads\/2019\/06\/imagen-academia-01-768x543.jpg 768w\" sizes=\"(max-width: 420px) 100vw, 420px\" \/><\/p>\n<p>\u00a0<\/p>\n<p>\u00a0<\/p>\n<p>\u00a0<\/p>\n<p>\u00a0<\/p>\n<p>\u00a0<\/p>\n<p>\u00a0<\/p>\n<p>M\u00e1s informaci\u00f3n en este <a href=\"http:\/\/wp.roimallen.com\/?p=1485\"><strong><span style=\"color: #ff6600;\">enlace<\/span><\/strong><\/a>.<\/p>\n<p>\u00ae2019 roimallen.com<\/p>\n\n\n<p><\/p>\n","protected":false},"excerpt":{"rendered":"<p>La Gamificaci\u00f3n es una metodolog\u00eda o estrategia que consiste en aplicar una serie de caracter\u00edsticas propias de los juegos (tradicionales, de mesa o videojuegos) a entornos en los que no se aplica el juego. El radio de acci\u00f3n de la gamificaci\u00f3n comprende desde entornos educativos, a empresariales, tambi\u00e9n empleada como herramienta de recursos humanos, marketing [&hellip;]<\/p>\n","protected":false},"author":1,"featured_media":802,"parent":0,"menu_order":0,"comment_status":"closed","ping_status":"closed","template":"","meta":[],"_links":{"self":[{"href":"https:\/\/wp.roimallen.com\/index.php?rest_route=\/wp\/v2\/pages\/1433"}],"collection":[{"href":"https:\/\/wp.roimallen.com\/index.php?rest_route=\/wp\/v2\/pages"}],"about":[{"href":"https:\/\/wp.roimallen.com\/index.php?rest_route=\/wp\/v2\/types\/page"}],"author":[{"embeddable":true,"href":"https:\/\/wp.roimallen.com\/index.php?rest_route=\/wp\/v2\/users\/1"}],"replies":[{"embeddable":true,"href":"https:\/\/wp.roimallen.com\/index.php?rest_route=%2Fwp%2Fv2%2Fcomments&post=1433"}],"version-history":[{"count":23,"href":"https:\/\/wp.roimallen.com\/index.php?rest_route=\/wp\/v2\/pages\/1433\/revisions"}],"predecessor-version":[{"id":1645,"href":"https:\/\/wp.roimallen.com\/index.php?rest_route=\/wp\/v2\/pages\/1433\/revisions\/1645"}],"wp:featuredmedia":[{"embeddable":true,"href":"https:\/\/wp.roimallen.com\/index.php?rest_route=\/wp\/v2\/media\/802"}],"wp:attachment":[{"href":"https:\/\/wp.roimallen.com\/index.php?rest_route=%2Fwp%2Fv2%2Fmedia&parent=1433"}],"curies":[{"name":"wp","href":"https:\/\/api.w.org\/{rel}","templated":true}]}}