{"id":1065,"date":"2016-07-20T07:12:47","date_gmt":"2016-07-20T07:12:47","guid":{"rendered":"http:\/\/wp.roimallen.com\/?page_id=1065"},"modified":"2017-04-18T12:11:17","modified_gmt":"2017-04-18T12:11:17","slug":"diseno-grafico","status":"publish","type":"page","link":"https:\/\/wp.roimallen.com\/?page_id=1065","title":{"rendered":"Dise\u00f1o Gr\u00e1fico"},"content":{"rendered":"<p style=\"text-align: left;\">Dise\u00f1amos y desarrollamos\u00a0 la imagen visual de tu empresa en todos los campos de aplicaci\u00f3n; dise\u00f1o gr\u00e1fico, editorial, imagen global de marca, packaging, previsualizaci\u00f3n&#8230;y en todos los soportes.<\/p>\n<p style=\"text-align: left;\">Con el <strong>objetivo<\/strong> de impulsar y <strong>transmitir<\/strong> el producto del cliente de una forma <strong>visualmente<\/strong> <strong>atractiva<\/strong> y <strong>efectiva<\/strong>.<\/p>\n<p style=\"text-align: left;\">El manual corporativo se convierte en la herramienta fundamental en la que se ver\u00e1 reflejada la identidad visual de tu empresa, mostrando todos los elementos visuales que componen tu marca y como deben aplicarse en diferentes ocasiones.\u00a0 Gracias a tu manual corporativo siempre mantendr\u00e1s la coherencia visual siguiendo sus indicaciones.<\/p>\n<p style=\"text-align: left;\">\n<p style=\"text-align: left;\"><span style=\"color: #ff6600;\"><strong>Ejemplos de manual corporativo<\/strong><\/span><\/p>\n\n\t\t<style type=\"text\/css\">\n\t\t\t#gallery-1 {\n\t\t\t\tmargin: auto;\n\t\t\t}\n\t\t\t#gallery-1 .gallery-item {\n\t\t\t\tfloat: left;\n\t\t\t\tmargin-top: 10px;\n\t\t\t\ttext-align: center;\n\t\t\t\twidth: 100%;\n\t\t\t}\n\t\t\t#gallery-1 img {\n\t\t\t\tborder: 2px solid #cfcfcf;\n\t\t\t}\n\t\t\t#gallery-1 .gallery-caption {\n\t\t\t\tmargin-left: 0;\n\t\t\t}\n\t\t\t\/* see gallery_shortcode() in wp-includes\/media.php *\/\n\t\t<\/style>\n\t\t<div id='gallery-1' class='gallery galleryid-1065 gallery-columns-1 gallery-size-full'><dl class='gallery-item'>\n\t\t\t<dt class='gallery-icon landscape'>\n\t\t\t\t<img width=\"1754\" height=\"1240\" src=\"https:\/\/wp.roimallen.com\/wp-content\/uploads\/2014\/03\/manual-02.jpg\" class=\"attachment-full size-full\" alt=\"\" loading=\"lazy\" aria-describedby=\"gallery-1-646\" srcset=\"https:\/\/wp.roimallen.com\/wp-content\/uploads\/2014\/03\/manual-02.jpg 1754w, https:\/\/wp.roimallen.com\/wp-content\/uploads\/2014\/03\/manual-02-300x212.jpg 300w, https:\/\/wp.roimallen.com\/wp-content\/uploads\/2014\/03\/manual-02-1024x723.jpg 1024w\" sizes=\"(max-width: 1754px) 100vw, 1754px\" \/>\n\t\t\t<\/dt>\n\t\t\t\t<dd class='wp-caption-text gallery-caption' id='gallery-1-646'>\n\t\t\t\tManual corporativo\n\t\t\t\t<\/dd><\/dl><br style=\"clear: both\" \/><dl class='gallery-item'>\n\t\t\t<dt class='gallery-icon landscape'>\n\t\t\t\t<img width=\"5184\" height=\"3456\" src=\"https:\/\/wp.roimallen.com\/wp-content\/uploads\/2013\/07\/enposilog.jpg\" class=\"attachment-full size-full\" alt=\"\" loading=\"lazy\" aria-describedby=\"gallery-1-209\" srcset=\"https:\/\/wp.roimallen.com\/wp-content\/uploads\/2013\/07\/enposilog.jpg 5184w, https:\/\/wp.roimallen.com\/wp-content\/uploads\/2013\/07\/enposilog-300x200.jpg 300w, https:\/\/wp.roimallen.com\/wp-content\/uploads\/2013\/07\/enposilog-1024x682.jpg 1024w, https:\/\/wp.roimallen.com\/wp-content\/uploads\/2013\/07\/enposilog-660x440.jpg 660w\" sizes=\"(max-width: 5184px) 100vw, 5184px\" \/>\n\t\t\t<\/dt>\n\t\t\t\t<dd class='wp-caption-text gallery-caption' id='gallery-1-209'>\n\t\t\t\tConstrucci\u00f3n logomarca\n\t\t\t\t<\/dd><\/dl><br style=\"clear: both\" \/><dl class='gallery-item'>\n\t\t\t<dt class='gallery-icon landscape'>\n\t\t\t\t<img width=\"584\" height=\"313\" src=\"https:\/\/wp.roimallen.com\/wp-content\/uploads\/2014\/02\/logo.jpg\" class=\"attachment-full size-full\" alt=\"\" loading=\"lazy\" aria-describedby=\"gallery-1-584\" srcset=\"https:\/\/wp.roimallen.com\/wp-content\/uploads\/2014\/02\/logo.jpg 584w, https:\/\/wp.roimallen.com\/wp-content\/uploads\/2014\/02\/logo-300x160.jpg 300w\" sizes=\"(max-width: 584px) 100vw, 584px\" \/>\n\t\t\t<\/dt>\n\t\t\t\t<dd class='wp-caption-text gallery-caption' id='gallery-1-584'>\n\t\t\t\tExplicaci\u00f3n de logomarca\n\t\t\t\t<\/dd><\/dl><br style=\"clear: both\" \/><dl class='gallery-item'>\n\t\t\t<dt class='gallery-icon landscape'>\n\t\t\t\t<img width=\"5184\" height=\"3456\" src=\"https:\/\/wp.roimallen.com\/wp-content\/uploads\/2013\/12\/buck1.jpg\" class=\"attachment-full size-full\" alt=\"\" loading=\"lazy\" aria-describedby=\"gallery-1-400\" srcset=\"https:\/\/wp.roimallen.com\/wp-content\/uploads\/2013\/12\/buck1.jpg 5184w, https:\/\/wp.roimallen.com\/wp-content\/uploads\/2013\/12\/buck1-300x200.jpg 300w, https:\/\/wp.roimallen.com\/wp-content\/uploads\/2013\/12\/buck1-1024x682.jpg 1024w, https:\/\/wp.roimallen.com\/wp-content\/uploads\/2013\/12\/buck1-660x440.jpg 660w\" sizes=\"(max-width: 5184px) 100vw, 5184px\" \/>\n\t\t\t<\/dt>\n\t\t\t\t<dd class='wp-caption-text gallery-caption' id='gallery-1-400'>\n\t\t\t\tDetalle interior\n\t\t\t\t<\/dd><\/dl><br style=\"clear: both\" \/><dl class='gallery-item'>\n\t\t\t<dt class='gallery-icon landscape'>\n\t\t\t\t<img width=\"5184\" height=\"3456\" src=\"https:\/\/wp.roimallen.com\/wp-content\/uploads\/2013\/12\/tablero3.jpg\" class=\"attachment-full size-full\" alt=\"\" loading=\"lazy\" aria-describedby=\"gallery-1-241\" srcset=\"https:\/\/wp.roimallen.com\/wp-content\/uploads\/2013\/12\/tablero3.jpg 5184w, https:\/\/wp.roimallen.com\/wp-content\/uploads\/2013\/12\/tablero3-300x200.jpg 300w, https:\/\/wp.roimallen.com\/wp-content\/uploads\/2013\/12\/tablero3-1024x682.jpg 1024w, https:\/\/wp.roimallen.com\/wp-content\/uploads\/2013\/12\/tablero3-660x440.jpg 660w\" sizes=\"(max-width: 5184px) 100vw, 5184px\" \/>\n\t\t\t<\/dt>\n\t\t\t\t<dd class='wp-caption-text gallery-caption' id='gallery-1-241'>\n\t\t\t\tTablero de juego de mesa\n\t\t\t\t<\/dd><\/dl><br style=\"clear: both\" \/><dl class='gallery-item'>\n\t\t\t<dt class='gallery-icon landscape'>\n\t\t\t\t<img width=\"5184\" height=\"3456\" src=\"https:\/\/wp.roimallen.com\/wp-content\/uploads\/2013\/07\/mmia4.jpg\" class=\"attachment-full size-full\" alt=\"\" loading=\"lazy\" aria-describedby=\"gallery-1-152\" srcset=\"https:\/\/wp.roimallen.com\/wp-content\/uploads\/2013\/07\/mmia4.jpg 5184w, https:\/\/wp.roimallen.com\/wp-content\/uploads\/2013\/07\/mmia4-300x200.jpg 300w, https:\/\/wp.roimallen.com\/wp-content\/uploads\/2013\/07\/mmia4-1024x682.jpg 1024w, https:\/\/wp.roimallen.com\/wp-content\/uploads\/2013\/07\/mmia4-660x440.jpg 660w\" sizes=\"(max-width: 5184px) 100vw, 5184px\" \/>\n\t\t\t<\/dt>\n\t\t\t\t<dd class='wp-caption-text gallery-caption' id='gallery-1-152'>\n\t\t\t\tAcotaci\u00f3n salero doble\n\t\t\t\t<\/dd><\/dl><br style=\"clear: both\" \/><dl class='gallery-item'>\n\t\t\t<dt class='gallery-icon landscape'>\n\t\t\t\t<img width=\"1920\" height=\"1080\" src=\"https:\/\/wp.roimallen.com\/wp-content\/uploads\/2013\/07\/cortapizzas.jpg\" class=\"attachment-full size-full\" alt=\"\" loading=\"lazy\" aria-describedby=\"gallery-1-146\" srcset=\"https:\/\/wp.roimallen.com\/wp-content\/uploads\/2013\/07\/cortapizzas.jpg 1920w, https:\/\/wp.roimallen.com\/wp-content\/uploads\/2013\/07\/cortapizzas-300x168.jpg 300w, https:\/\/wp.roimallen.com\/wp-content\/uploads\/2013\/07\/cortapizzas-1024x576.jpg 1024w\" sizes=\"(max-width: 1920px) 100vw, 1920px\" \/>\n\t\t\t<\/dt>\n\t\t\t\t<dd class='wp-caption-text gallery-caption' id='gallery-1-146'>\n\t\t\t\tPrevisualizaci\u00f3n regalo de empresa\n\t\t\t\t<\/dd><\/dl><br style=\"clear: both\" \/><dl class='gallery-item'>\n\t\t\t<dt class='gallery-icon portrait'>\n\t\t\t\t<img width=\"2791\" height=\"3429\" src=\"https:\/\/wp.roimallen.com\/wp-content\/uploads\/2013\/07\/buck3.jpg\" class=\"attachment-full size-full\" alt=\"\" loading=\"lazy\" aria-describedby=\"gallery-1-118\" srcset=\"https:\/\/wp.roimallen.com\/wp-content\/uploads\/2013\/07\/buck3.jpg 2791w, https:\/\/wp.roimallen.com\/wp-content\/uploads\/2013\/07\/buck3-244x300.jpg 244w, https:\/\/wp.roimallen.com\/wp-content\/uploads\/2013\/07\/buck3-833x1024.jpg 833w\" sizes=\"(max-width: 2791px) 100vw, 2791px\" \/>\n\t\t\t<\/dt>\n\t\t\t\t<dd class='wp-caption-text gallery-caption' id='gallery-1-118'>\n\t\t\t\tInterior cd y dvd\n\t\t\t\t<\/dd><\/dl><br style=\"clear: both\" \/><dl class='gallery-item'>\n\t\t\t<dt class='gallery-icon landscape'>\n\t\t\t\t<img width=\"2833\" height=\"2479\" src=\"https:\/\/wp.roimallen.com\/wp-content\/uploads\/2016\/07\/ucronikamanual2.jpg\" class=\"attachment-full size-full\" alt=\"\" loading=\"lazy\" aria-describedby=\"gallery-1-1107\" srcset=\"https:\/\/wp.roimallen.com\/wp-content\/uploads\/2016\/07\/ucronikamanual2.jpg 2833w, https:\/\/wp.roimallen.com\/wp-content\/uploads\/2016\/07\/ucronikamanual2-300x263.jpg 300w, https:\/\/wp.roimallen.com\/wp-content\/uploads\/2016\/07\/ucronikamanual2-768x672.jpg 768w, https:\/\/wp.roimallen.com\/wp-content\/uploads\/2016\/07\/ucronikamanual2-1024x896.jpg 1024w\" sizes=\"(max-width: 2833px) 100vw, 2833px\" \/>\n\t\t\t<\/dt>\n\t\t\t\t<dd class='wp-caption-text gallery-caption' id='gallery-1-1107'>\n\t\t\t\tEspecificaciones caja\n\t\t\t\t<\/dd><\/dl><br style=\"clear: both\" \/><dl class='gallery-item'>\n\t\t\t<dt class='gallery-icon landscape'>\n\t\t\t\t<img width=\"2833\" height=\"2479\" src=\"https:\/\/wp.roimallen.com\/wp-content\/uploads\/2016\/07\/ucronikamanual.jpg\" class=\"attachment-full size-full\" alt=\"\" loading=\"lazy\" aria-describedby=\"gallery-1-1106\" srcset=\"https:\/\/wp.roimallen.com\/wp-content\/uploads\/2016\/07\/ucronikamanual.jpg 2833w, https:\/\/wp.roimallen.com\/wp-content\/uploads\/2016\/07\/ucronikamanual-300x263.jpg 300w, https:\/\/wp.roimallen.com\/wp-content\/uploads\/2016\/07\/ucronikamanual-768x672.jpg 768w, https:\/\/wp.roimallen.com\/wp-content\/uploads\/2016\/07\/ucronikamanual-1024x896.jpg 1024w\" sizes=\"(max-width: 2833px) 100vw, 2833px\" \/>\n\t\t\t<\/dt>\n\t\t\t\t<dd class='wp-caption-text gallery-caption' id='gallery-1-1106'>\n\t\t\t\tConstrucci\u00f3n logomarca\n\t\t\t\t<\/dd><\/dl><br style=\"clear: both\" \/><dl class='gallery-item'>\n\t\t\t<dt class='gallery-icon landscape'>\n\t\t\t\t<img width=\"2598\" height=\"2008\" src=\"https:\/\/wp.roimallen.com\/wp-content\/uploads\/2016\/07\/manual3-14.jpg\" class=\"attachment-full size-full\" alt=\"\" loading=\"lazy\" aria-describedby=\"gallery-1-1105\" srcset=\"https:\/\/wp.roimallen.com\/wp-content\/uploads\/2016\/07\/manual3-14.jpg 2598w, https:\/\/wp.roimallen.com\/wp-content\/uploads\/2016\/07\/manual3-14-300x232.jpg 300w, https:\/\/wp.roimallen.com\/wp-content\/uploads\/2016\/07\/manual3-14-768x594.jpg 768w, https:\/\/wp.roimallen.com\/wp-content\/uploads\/2016\/07\/manual3-14-1024x791.jpg 1024w\" sizes=\"(max-width: 2598px) 100vw, 2598px\" \/>\n\t\t\t<\/dt>\n\t\t\t\t<dd class='wp-caption-text gallery-caption' id='gallery-1-1105'>\n\t\t\t\tEspecificaciones caja\n\t\t\t\t<\/dd><\/dl><br style=\"clear: both\" \/>\n\t\t<\/div>\n\n<p>&nbsp;<\/p>\n<p>&nbsp;<\/p>\n<p>&nbsp;<\/p>\n<p>&nbsp;<\/p>\n","protected":false},"excerpt":{"rendered":"<p>Dise\u00f1amos y desarrollamos\u00a0 la imagen visual de tu empresa en todos los campos de aplicaci\u00f3n; dise\u00f1o gr\u00e1fico, editorial, imagen global de marca, packaging, previsualizaci\u00f3n&#8230;y en todos los soportes. Con el objetivo de impulsar y transmitir el producto del cliente de una forma visualmente atractiva y efectiva. El manual corporativo se convierte en la herramienta fundamental [&hellip;]<\/p>\n","protected":false},"author":1,"featured_media":802,"parent":0,"menu_order":0,"comment_status":"closed","ping_status":"closed","template":"","meta":[],"_links":{"self":[{"href":"https:\/\/wp.roimallen.com\/index.php?rest_route=\/wp\/v2\/pages\/1065"}],"collection":[{"href":"https:\/\/wp.roimallen.com\/index.php?rest_route=\/wp\/v2\/pages"}],"about":[{"href":"https:\/\/wp.roimallen.com\/index.php?rest_route=\/wp\/v2\/types\/page"}],"author":[{"embeddable":true,"href":"https:\/\/wp.roimallen.com\/index.php?rest_route=\/wp\/v2\/users\/1"}],"replies":[{"embeddable":true,"href":"https:\/\/wp.roimallen.com\/index.php?rest_route=%2Fwp%2Fv2%2Fcomments&post=1065"}],"version-history":[{"count":13,"href":"https:\/\/wp.roimallen.com\/index.php?rest_route=\/wp\/v2\/pages\/1065\/revisions"}],"predecessor-version":[{"id":1657,"href":"https:\/\/wp.roimallen.com\/index.php?rest_route=\/wp\/v2\/pages\/1065\/revisions\/1657"}],"wp:featuredmedia":[{"embeddable":true,"href":"https:\/\/wp.roimallen.com\/index.php?rest_route=\/wp\/v2\/media\/802"}],"wp:attachment":[{"href":"https:\/\/wp.roimallen.com\/index.php?rest_route=%2Fwp%2Fv2%2Fmedia&parent=1065"}],"curies":[{"name":"wp","href":"https:\/\/api.w.org\/{rel}","templated":true}]}}